3f4cd4 (base 16) to base 6.
-224525420
What is -5278a (base 13) in base 6?
-3103252
What is 24540432 (base 6) in base 12?
321718
What is 3212522 (base 6) in base 15?
319b2
214083 (base 9) to base 6
2422550
Convert 35806 (base 9) to base 11.
17022
What is -22758140 (base 9) in base 6?
-1033300313
What is b3c311 (base 13) in base 8?
20004667
What is 14b94a (base 16) in base 14?
274d50
What is -7653 (base 14) in base 4?
-10333221
1885a35 (base 11) to base 8
14114550
Convert 24033 (base 5) to base 13.
a60
Convert -c6692 (base 13) to base 5.
-42411142
Convert 33241051 (base 6) to base 14.
1c09cb
1333e5 (base 15) to base 14
1a0161
-11002fc (base 16) to base 15
-1871e21
What is -8c472 (base 13) in base 6?
-5251233
What is 588406 (base 13) in base 9?
3855051
1100001001110001 (base 2) to base 13
19870
What is -100010000000110011100000 (base 2) in base 9?
-17688640
What is -2721351 (base 9) in base 2?
-101101011110110111101
11021220011 (base 3) to base 10
84487
-2124596 (base 10) to base 6
-113312032
-5976 (base 14) to base 15
-4943
Convert -707c7 (base 14) to base 11.
-175222
201124515 (base 7) to base 6
1054050013
What is 10111010010100101 (base 2) in base 13?
34563
-543432 (base 6) to base 2
-1010111101001100
Convert -102101012210221 (base 3) to base 9.
-12335727
What is -508bb (base 12) in base 2?
-11001101000001111
Convert 31000300 (base 5) to base 6.
5205431
What is -2303204103 (base 5) in base 8?
-23447002
What is -21201120000 (base 4) in base 13?
-695130
11110010110001100000 (base 2) to base 3
1212112001122
Convert -372a49 (base 12) to base 15.
-12a9d6
What is -2700059 (base 11) in base 16?
-47444f
Convert 858aa (base 15) to base 4.
1213132123
What is 101022122011 (base 3) in base 2?
110001100101110101
-233884 (base 9) to base 13
-4c066
1556670 (base 8) to base 5
103344401
Convert -874897 (base 10) to base 15.
-124367
Convert 11113041 (base 5) to base 3.
11222021210
Convert -1351456 (base 10) to base 4.
-11021330200
661031 (base 10) to base 15
d0cdb
c2da43 (base 14) to base 15
89b2e1
Convert -e82d (base 15) to base 9.
-74307
What is 11010010111111010 (base 2) in base 16?
1a5fa
Convert -6533511 (base 7) to base 15.
-10b879
Convert 402420 (base 10) to base 12.
174a70
What is 11212221022102 (base 3) in base 8?
11720075
2323120322 (base 4) to base 14
15da0a
What is -6200415 (base 8) in base 3?
-10002020211110
Convert 232116 (base 9) to base 5.
13424320
What is 10440303 (base 5) in base 2?
10110110000010011
-56634 (base 11) to base 16
-14022
Convert 49c1c (base 13) to base 2.
100001001110000110
What is 3d3c5 (base 14) in base 8?
450201
13178 (base 15) to base 6
1150452
Convert 10000000011010001101101 (base 2) to base 13.
b442a2
What is 72a39 (base 13) in base 2?
110010010011101011
Convert -876305 (base 11) to base 3.
-2122002102001
What is 11000001111100001001 (base 2) in base 8?
3017411
Convert -436975 (base 11) to base 10.
-697284
Convert -5b9324 (base 14) to base 10.
-3137012
Convert 64b07 (base 13) to base 7.
1355446
58550 (base 13) to base 2
100111011000001011
Convert 1133110220 (base 4) to base 16.
5f528
-153812 (base 10) to base 2
-100101100011010100
What is 10101001010111010 (base 2) in base 7?
510545
-3c353 (base 14) to base 8
-442545
What is 1100000111000100 (base 2) in base 5?
3041404
What is -390cc4 (base 14) in base 6?
-110014044
-830008 (base 14) to base 9
-8273130
What is 64899b (base 13) in base 8?
11003613
Convert b817 (base 16) to base 14.
13263
What is -15602416 (base 9) in base 8?
-35573051
Convert -311113110232 (base 4) to base 8.
-65272456
What is -21000020223 (base 4) in base 9?
-4386086
Convert -6211 (base 11) to base 9.
-12265
-1102012222120 (base 3) to base 8
-2675274
Convert -2000012200120 (base 3) to base 15.
-161253
306062 (base 7) to base 8
146453
What is 911ca (base 13) in base 4?
333113331
What is 412a82 (base 13) in base 9?
2765843
Convert 55094 (base 11) to base 5.
10024323
12012100022 (base 3) to base 9
165308
-100111212220 (base 3) to base 11
-118775
-76a05 (base 11) to base 16
-1b448
What is 1333210 (base 4) in base 3?
102012101
Convert -230b7b (base 12) to base 7.
-4526114
2a3388 (base 16) to base 4
22203032020
Convert -35030104 (base 6) to base 16.
-106f18
Convert 205102561 (base 7) to base 6.
1112035244
Convert 5559201 (base 10) to base 11.
315778a
112002213231 (base 4) to base 15
791e86
Convert 83700 (base 15) to base 3.
210011121100
What is e6fb (base 16) in base 5?
3343011
25764613 (base 9) to base 2
110000010111100001100010
Convert 29096 (base 15) to base 3.
20200202020
What is 110103212 (base 4) in base 10?
83174
Convert 112220212110111 (base 3) to base 15.
a697ea
What is 2598ba3 (base 12) in base 7?
120024435
Convert 2649b (base 14) to base 13.
33b66
102313010301 (base 4) to base 8
22670461
Convert -101047 (base 15) to base 5.
-143402232
What is 9399b (base 13) in base 5?
31442124
-6862433 (base 9) to base 15
-4d1e46
What is 2252466 (base 7) in base 4?
1010303313
Convert -3021100133 (base 4) to base 14.
-1765c3
What is 2202001122 (base 3) in base 6?
1053542
Convert 12162333 (base 9) to base 15.
7c6b9c
8d18a (base 16) to base 12
23a54a
20001330313 (base 4) to base 7
23615305
What is 543152 (base 6) in base 16?
aeec
What is 22002100211110 (base 3) in base 15?
59d776
Convert 470675 (base 8) to base 12.
78851
Convert -6423996 (base 10) to base 7.
-105413565
-22310113 (base 5) to base 14
-51db7
Convert -5024635 (base 7) to base 10.
-594739
Convert 3277a48 (base 12) to base 13.
1cb8192
Convert -3631293 (base 10) to base 4.
-31312202331
32157 (base 10) to base 11
22184
-509235 (base 16) to base 4
-110021020311
Convert -843040 (base 10) to base 9.
-1524381
-22033333 (base 7) to base 16
-1cd9e3
Convert 3202322200 (base 4) to base 12.
389a54
Convert -110235004 (base 6) to base 3.
-10201121011011
-126121320 (base 7) to base 15
-aabc49
What is 3024301 (base 6) in base 7?
1135315
196ca (base 14) to base 11
44486
Convert 346603 (base 7) to base 12.
30124
Convert 1c424 (base 16) to base 2.
11100010000100100
What is -110110011101100100010 (base 2) in base 12?
-720916
415133 (base 9) to base 13
88287
Convert -18475044 (base 9) to base 3.
-122112112001111
Convert 11743d (base 14) to base 6.
20440331
Convert -101100001221001 (base 3) to base 6.
-313422214
10444211101 (base 5) to base 16
b2aec7
-329202 (base 11) to base 13
-154a64
2118b90 (base 12) to base 9
12686050
-410b4 (base 13) to base 9
-186832
71665 (base 13) to base 14
540bb
What is -404303 (base 6) in base 12?
-16693
What is -43414001 (base 6) in base 11?
-803484
What is 332020303131 (base 4) in base 15?
166b579
Convert -54dd77 (base 16) to base 4.
-111031311313
Convert 45245412 (base 7) to base 5.
2001140210
What is 5636616 (base 7) in base 2?
10101010100100011111
-2d6df (base 16) to base 13
-6690a
What is -2040551 (base 10) in base 5?
-1010244201
2b12b69 (base 12) to base 8
41244401
Convert -1732689 (base 10) to base 5.
-420421224
What is 222235310 (base 6) in base 9?
7526266
What is 1102102020200 (base 3) in base 16?
b89b9
Convert 1820ea (base 16) to base 15.
2137e5
2010020 (base 4) to base 10
8456
58583 (base 11) to base 7
501333
Convert -6931820 (base 11) to base 3.
-211211000110122
What is -247379 (base 11) in base 10?
-390432
317621 (base 9) to base 7
1415641
-1100001001010110100 (base 2) to base 15
-7cdd9
88b97b (base 13) to base 10
3224622
Convert 56860 (base 13) to base 12.
77121
-4253534 (base 6) to base 13
-7448b
60724b (base 12) to base 15
1eb0c5
-11010111001010010 (base 2) to base 3
-12121010002
What is -3496 (base 16) in base 7?
-54151
-1427561 (base 12) to base 2
-1111011001010001011001
12343621 (base 7) to base 6
40002044
What is -1405322 (base 11) in base 3?
-11120002110121
What is -3220232132 (base 4) in base 10?
-953246
-4bfd7 (base 16) to base 3
-120210221222
What is -1347456 (base 8) in base 6?
-12054330
What is -3799130 (base 12) in base 7?
-161444433
2238553 (base 13) to base 2
101000000011100100011000
What is 113300303 (base 4) in base 6?
2030335
-148110 (base 9) to base 12
-44953
-10a7c (base 13) to base 10
-30354
What is -1899921 (base 10) in base 12?
-7775a9
Convert 1465d (base 14) to base 8.
142733
-11304 (base 7) to base 16
-b4f
What is 1441043 (base 7) in base 11?
123441
What is 11101110111101000 (base 2) in base 11?
83a12
15884 